Is 669562296 a multiple of 39?
True
Does 8 divide 13776880?
True
Does 35 divide 9887290?
True
Does 6550 divide 1676599104?
False
Does 543 divide 15984291?
True
Does 5430 divide 2013025890?
True
Is 20467938 a multiple of 2769?
False
Is 3709400 a multiple of 8?
True
Is 3835 a factor of 90617215?
True
Is 9 a factor of 507802?
False
Does 514 divide 48626044?
False
Does 14 divide 83192796?
False
Is 11 a factor of 7333417?
False
Is 17 a factor of 316341?
False
Does 49 divide 59892449?
False
Does 2237 divide 91426190?
True
Is 638310470 a multiple of 70?
True
Does 121 divide 1252202259?
True
Does 1384 divide 123621648?
True
Is 125 a factor of 8591450?
False
Does 212 divide 448440420?
True
Is 171 a factor of 297607881?
False
Does 2412 divide 1349477305?
False
Is 3955 a factor of 715837239?
False
Is 2617 a factor of 163724754?
True
Does 18 divide 1311581180?
False
Is 2012 a factor of 558383084?
False
Is 14 a factor of 1271012708?
True
Is 3640 a factor of 1289944061?
False
Is 20 a factor of 209214022?
False
Is 942 a factor of 2437329858?
True
Is 15 a factor of 144426150?
True
Does 44 divide 10950896?
True
Is 35 a factor of 34344669?
False
Is 5290 a factor of 2354044710?
True
Is 1736 a factor of 239663480?
True
Is 93268301 a multiple of 7?
True
Is 154864320 a multiple of 65?
True
Is 35411415 a multiple of 160?
False
Is 40772964 a multiple of 12?
True
Is 58471600 a multiple of 485?
True
Does 44 divide 126922224?
True
Does 543 divide 201077452?
False
Is 5884 a factor of 2437884624?
False
Is 2931654 a multiple of 4?
False
Is 272 a factor of 67799536?
True
Is 73368073 a multiple of 2782?
False
Is 54744367 a multiple of 36?
False
Is 38271593 a multiple of 3?
False
Does 121 divide 27761939?
False
Is 4137 a factor of 2956734576?
False
Is 1089026187 a multiple of 15?
False
Is 6351 a factor of 1215454780?
False
Does 36 divide 183129799?
False
Does 13 divide 336836461?
True
Is 210462192 a multiple of 72?
True
Is 364 a factor of 195891541?
False
Is 1720 a factor of 219647440?
True
Is 60472325 a multiple of 244?
False
Is 29138476 a multiple of 646?
True
Is 109317123 a multiple of 22?
False
Is 836563024 a multiple of 1936?
True
Does 5 divide 2749080?
True
Is 42114113 even?
False
Is 2082 a factor of 141532223?
False
Does 34 divide 5790098?
True
Is 136584 a multiple of 12?
True
Is 324613725 a multiple of 5417?
True
Is 1620 a factor of 344575620?
True
Is 349148625 a multiple of 105?
True
Is 45 a factor of 537882?
False
Is 325844505 a multiple of 45?
True
Does 29 divide 2948541974?
False
Does 389 divide 14080633?
True
Is 14140536 a multiple of 76?
False
Is 1229 a factor of 9931037?
False
Is 2032 a factor of 3527552?
True
Is 16 a factor of 1646640231?
False
Does 13 divide 1299715201?
False
Does 536 divide 63677657?
False
Is 67 a factor of 804942958?
True
Is 102804295 a multiple of 55?
True
Is 24 a factor of 7795639?
False
Does 100 divide 72669469?
False
Does 1637 divide 7674235?
False
Does 336 divide 1441423200?
True
Is 97 a factor of 391527538?
False
Is 173 a factor of 76983097?
True
Is 6935 a factor of 574605468?
False
Is 288264483 a multiple of 14?
False
Does 2108 divide 458298182?
False
Is 10258956 a multiple of 1347?
False
Is 213826452 a multiple of 91?
False
Is 3987207 a multiple of 145?
False
Is 4695 a factor of 146394795?
True
Does 76 divide 1291638422?
False
Is 73282627 a multiple of 21?
False
Is 164 a factor of 47096595?
False
Does 1365 divide 1417276754?
False
Is 12 a factor of 1837139116?
False
Does 393 divide 1235259915?
True
Does 754 divide 14642329?
False
Does 62 divide 893795534?
True
Is 724488 a multiple of 8?
True
Is 343579077 a multiple of 147?
False
Is 27729650 a multiple of 10?
True
Is 1015 a factor of 12585792?
False
Is 36537999 a multiple of 22?
False
Is 2 a factor of 2211874?
True
Is 270844574 a multiple of 143?
True
Is 19 a factor of 53520093?
True
Is 408 a factor of 35075352?
True
Is 571758063 a multiple of 349?
False
Is 11127454 a multiple of 481?
True
Is 36573744 a multiple of 24?
True
Is 7731 a factor of 2358666252?
True
Does 545 divide 1449147593?
False
Does 10 divide 129849630?
True
Is 3 a factor of 5921880?
True
Does 2384 divide 299463776?
True
Does 101 divide 17537702?
False
Is 100223628 a multiple of 29?
False
Is 7 a factor of 60930814?
True
Is 16 a factor of 96201059?
False
Is 49 a factor of 219126278?
False
Is 48332295 a multiple of 3135?
True
Is 1014127211 a multiple of 8153?
True
Is 46255786 a multiple of 188?
False
Is 1604190358 a multiple of 29?
False
Is 115865352 a multiple of 9?
True
Does 414 divide 332333532?
True
Does 3095 divide 79156645?
False
Is 1273 a factor of 57896888?
False
Is 5361 a factor of 2913733791?
False
Is 167 a factor of 457952999?
False
Is 101187426 a multiple of 82?
True
Is 34785501 a multiple of 47?
False
Is 5593122792 a multiple of 15816?
True
Is 8 a factor of 457798179?
False
Does 14 divide 127376796?
False
Is 367 a factor of 300776318?
True
Is 226638869 a multiple of 4?
False
Is 31947971 a multiple of 155?
False
Is 150 a factor of 48482700?
True
Is 83 a factor of 179963679?
False
Does 298 divide 27706550?
True
Is 2 a factor of 900065192?
True
Is 98606758 a multiple of 260?
False
Is 8 a factor of 106502664?
True
Is 15 a factor of 60063733?
False
Does 143 divide 2661384133?
False
Is 394 a factor of 77673633?
False
Is 1069740 a multiple of 18?
True
Is 1520190 a multiple of 7?
True
Is 1941 a factor of 2726214933?
False
Is 62215863 a multiple of 4?
False
Is 12 a factor of 2665724376?
True
Is 9650182 a multiple of 17?
False
Is 6277176 a multiple of 324?
True
Is 7972304 a multiple of 218?
False
Is 27011366 a multiple of 538?
True
Is 18 a factor of 60685468?
False
Does 8 divide 2693689?
False
Does 12 divide 20639496?
True
Is 12033825 a multiple of 3?
True
Does 1313 divide 39523743?
False
Is 778 a factor of 65761399?
False
Is 385 a factor of 1807146110?
True
Is 2701736 a multiple of 164?
True
Is 9 a factor of 290013156?
True
Is 677411169 a multiple of 67?
False
Is 767 a factor of 62074844?
True
Is 1012 a factor of 69551724?
True
Is 7 a factor of 1300934584?
False
Does 127 divide 607169093?
True
Is 42241230 a multiple of 90?
True
Is 455566248 a multiple of 21?
False
Is 163 a factor of 186487485?
True
Does 316 divide 8692305?
False
Is 7174360115 a multiple of 95?
False
Is 726682765 a multiple of 75?
False
Is 167927411 a multiple of 60?
False
Is 2383 a factor of 294867654?
True
Is 69425636 a multiple of 523?
False
Is 113582399 a multiple of 349?
True
Is 460 a factor of 32305465?
False
Is 4652947800 a multiple of 18?
True
Does 1011 divide 1799883060?
False
Is 201 a factor of 5134344?
True
Is 2609 a factor of 45191523?
False
Is 20010419 a multiple of 809?
False
Is 47647497 a multiple of 57?
True
Does 2939 divide 4356362140?
True
Is 10078657 a multiple of 6?
False
Does 20 divide 39344880?
True
Is 34 a factor of 3013547828?
False
Is 1482 a factor of 174069488?
False
Is 310610629 a multiple of 5?
False
Does 753 divide 916401?
True
Is 62 a factor of 55906767?
False
Is 279079182 a multiple of 18?
True
Does 15 divide 835081297?
False
Is 129 a factor of 668300?
False
Is 19 a factor of 17700195?
False
Does 7 divide 1936256?
True
Is 5 a factor of 1223078555?
True
Is 89382843 a multiple of 191?
True
Is 55272966 a multiple of 659?
True
Is 307757358 a multiple of 4?
False
Does 335 divide 508799675?
True
Is 13793208 a multiple of 1144?
True
Is 249 a factor of 22000395?
True
Is 14 a factor of 11612875?
False
Does 5572 divide 755836228?
True
Is 56491344 a multiple of 1872?
True
Is 648 a factor of 46372176?
True
Does 343 divide 8518729?
False
Does 330 divide 41882280?
True
Does 9729 divide 1366369947?
True
Is 788274114 a multiple of 11?
False
Is 671 a factor of 471163367?
False
Is 451818072 a multiple of 6522?
True
Is 6 a factor of 4105366?
False
Is 234292770 a multiple of 27?
True
Is 290652691 a multiple of 154?
False
Is 326960 a multiple of 4?
True
Is 47912400 a multiple of 218?
False
Is 4 a factor of 6662506?
False
Is 3757539500 a multiple of 12?
False
Is 11661 a factor of 2086047951?
True
Is 115926798 a multiple of 26?
True
Is 127902360 a multiple of 692?
True
Does 22 divide 208032?
True
Is 447797808 a multiple of 108?
True
Is 1894 a factor of 891073968?
True
Is 104173075 a multiple of 25?
True
Is 72284012 a multiple of 4?
True
